{"id":1607,"date":"2026-02-06T18:28:37","date_gmt":"2026-02-06T17:28:37","guid":{"rendered":"https:\/\/marcbrenken.com\/?post_type=tribe_events&#038;p=1607"},"modified":"2026-02-06T18:28:37","modified_gmt":"2026-02-06T17:28:37","slug":"things-you-probably-didnt-expect-from-the-blockfloete","status":"publish","type":"tribe_events","link":"https:\/\/marcbrenken.com\/en\/event\/things-you-probably-didnt-expect-from-the-blockfloete\/","title":{"rendered":"Things You Probably Didn&#8217;t Expect from the &#8222;Blockfl\u00f6te&#8220;"},"content":{"rendered":"<p>mit Tobias Reisige (Tenor-, Alt- und Sopranblockfl\u00f6te), Diego Vel\u00e1squez Fu\u00edca (E-Bass, Percussion) &#038; Marc Brenken (Piano, Keyboards) \u2013 Konzert Nr. 449 der Reihe JAZZ FOR THE PEOPLE (\u00c4nderungen vorbehalten)<\/p>","protected":false},"excerpt":{"rendered":"<p>mit Tobias Reisige (Tenor-, Alt- und Sopranblockfl\u00f6te), Diego Vel\u00e1squez Fu\u00edca (E-Bass, Percussion) &#038; Marc Brenken (Piano, Keyboards) \u2013 Konzert Nr. 449 der Reihe JAZZ FOR THE PEOPLE (\u00c4nderungen vorbehalten)<\/p>","protected":false},"author":1,"featured_media":0,"template":"","meta":{"_tribe_events_status":"","_tribe_events_status_reason":"","footnotes":""},"tags":[],"tribe_events_cat":[],"class_list":["post-1607","tribe_events","type-tribe_events","status-publish","hentry"],"_links":{"self":[{"href":"https:\/\/marcbrenken.com\/en\/wp-json\/wp\/v2\/tribe_events\/1607","targetHints":{"allow":["GET"]}}],"collection":[{"href":"https:\/\/marcbrenken.com\/en\/wp-json\/wp\/v2\/tribe_events"}],"about":[{"href":"https:\/\/marcbrenken.com\/en\/wp-json\/wp\/v2\/types\/tribe_events"}],"author":[{"embeddable":true,"href":"https:\/\/marcbrenken.com\/en\/wp-json\/wp\/v2\/users\/1"}],"version-history":[{"count":1,"href":"https:\/\/marcbrenken.com\/en\/wp-json\/wp\/v2\/tribe_events\/1607\/revisions"}],"predecessor-version":[{"id":1608,"href":"https:\/\/marcbrenken.com\/en\/wp-json\/wp\/v2\/tribe_events\/1607\/revisions\/1608"}],"wp:attachment":[{"href":"https:\/\/marcbrenken.com\/en\/wp-json\/wp\/v2\/media?parent=1607"}],"wp:term":[{"taxonomy":"post_tag","embeddable":true,"href":"https:\/\/marcbrenken.com\/en\/wp-json\/wp\/v2\/tags?post=1607"},{"taxonomy":"tribe_events_cat","embeddable":true,"href":"https:\/\/marcbrenken.com\/en\/wp-json\/wp\/v2\/tribe_events_cat?post=1607"}],"curies":[{"name":"wp","href":"https:\/\/api.w.org\/{rel}","templated":true}]}}

Things You Probably Didn&#8217;t Expect from the &#8222;Blockflöte&#8220;

<p>mit Tobias Reisige (Tenor-, Alt- und Sopranblockflöte), Diego Velásquez Fuíca (E-Bass, Percussion) &#038; Marc Brenken (Piano, Keyboards) – Konzert Nr. 449 der Reihe JAZZ FOR THE PEOPLE (Änderungen vorbehalten)</p>
